{"id":16,"date":"2019-02-07T00:50:07","date_gmt":"2019-02-07T00:50:07","guid":{"rendered":"http:\/\/forosonodoc.org\/?page_id=16"},"modified":"2020-11-30T21:00:18","modified_gmt":"2020-11-30T21:00:18","slug":"zona-de-lectura","status":"publish","type":"page","link":"https:\/\/forosonodoc.org\/index.php\/zona-de-lectura\/","title":{"rendered":"Zona de lectura"},"content":{"rendered":"\n<div class=\"wp-block-group\"><div class=\"wp-block-group__inner-container is-layout-flow\">\n<div class=\"wp-block-group\"><div class=\"wp-block-group__inner-container is-layout-flow\">\n<div class=\"wp-block-media-text alignwide has-media-on-the-right is-stacked-on-mobile\" style=\"grid-template-columns:auto 40%\"><figure class=\"wp-block-media-text__media\"><a href=\"https:\/\/www.amazon.com\/dp\/B08MVGP8XF?fbclid=IwAR1U8Q_8HtGGg1bximTCoK4hsuvuiFkkCE1JSpXrE9tE8c1apIdRjqYtxCs\" target=\"_blank\" rel=\"noopener noreferrer\"><img decoding=\"async\" loading=\"lazy\" width=\"343\" height=\"514\" src=\"https:\/\/forosonodoc.org\/wp-content\/uploads\/2020\/11\/Asi\u0301-suena-la-vida-Libro.png\" alt=\"\" class=\"wp-image-762\" srcset=\"https:\/\/forosonodoc.org\/wp-content\/uploads\/2020\/11\/Asi\u0301-suena-la-vida-Libro.png 343w, https:\/\/forosonodoc.org\/wp-content\/uploads\/2020\/11\/Asi\u0301-suena-la-vida-Libro-200x300.png 200w\" sizes=\"(max-width: 343px) 100vw, 343px\" \/><\/a><\/figure><div class=\"wp-block-media-text__content\">\n<p class=\"has-normal-font-size\">Este libro es resultado del Primer Foro Cubano &#8220;As\u00ed suena la vida&#8221; (Santiago de Cuba, 2019), que cont\u00f3 con la emisora Radio Mamb\u00ed como anfitriona principal. Su plataforma es un programa hom\u00f3nimo transmitido desde esta propia casa radiof\u00f3nica, que ha generado ya medio centenar de podcasts. El objetivo es la defensa del documental sonoro como g\u00e9nero por excelencia para contar historias de la vida real, a partir de la combinaci\u00f3n de los testimonios, el paisaje sonoro que nos rodea y los recursos del medio. 12 realizadores cubanos y una mexicana cuentan sus experiencias en la producci\u00f3n de sus historias sonoras. De manera exclusiva, estos programas podr\u00e1n ser escuchados a trav\u00e9s de c\u00f3digos QR aqu\u00ed disponibles y enlazados con Sonido Roque Media, canal de audio que los hospeda.<\/p>\n<\/div><\/div>\n\n\n\n<div class=\"wp-block-media-text alignwide is-stacked-on-mobile\" style=\"grid-template-columns:45% auto\"><figure class=\"wp-block-media-text__media\"><a href=\"https:\/\/ediciones.uniandes.edu.co\/Paginas\/historias-terrenos-y-aulas.aspx\" target=\"_blank\" rel=\"noopener noreferrer\"><img decoding=\"async\" loading=\"lazy\" width=\"592\" height=\"664\" src=\"https:\/\/forosonodoc.org\/wp-content\/uploads\/2019\/02\/Screen-Shot-2019-02-12-at-5.22.34-PM.png\" alt=\"&quot;Historias, terrenos y aulas: la narrativa sonora en espa\u00f1ol desde dentro&quot; es una compilaci\u00f3n de experiencias entorno a la narrativa sonora de no ficci\u00f3n que expone temas como el tiempo - espacio, paisaje sonoro, documental sonoro, la era digital, relatos de vida, ficci\u00f3n, el proceso de recepci\u00f3n, entre otros.\" class=\"wp-image-189\" srcset=\"https:\/\/forosonodoc.org\/wp-content\/uploads\/2019\/02\/Screen-Shot-2019-02-12-at-5.22.34-PM.png 592w, https:\/\/forosonodoc.org\/wp-content\/uploads\/2019\/02\/Screen-Shot-2019-02-12-at-5.22.34-PM-267x300.png 267w\" sizes=\"(max-width: 592px) 100vw, 592px\" \/><\/a><\/figure><div class=\"wp-block-media-text__content\">\n<p>Estamos ante una revoluci\u00f3n sonora en la que el p\u00fablico puede consumir los productos de audio \u201ccuando se quiere, donde se quiere y [los] que se quiere\u201d. La radio a la medida y por demanda, que se acerca al oyente y le cuenta en un tono m\u00e1s natural que nunca historias de una calidad narrativa e investigativa alt\u00edsima, es el resultado que hasta ahora ha arrojado esa revoluci\u00f3n. <\/p>\n\n\n\n<p>La idea de armar este libro surgi\u00f3 de los encuentros del Foro de Documental Sonoro en Espa\u00f1ol, SONODOC.<\/p>\n<\/div><\/div>\n\n\n\n<hr class=\"wp-block-separator\"\/>\n<\/div><\/div>\n<\/div><\/div>\n\n\n\n<div class=\"wp-block-group\"><div class=\"wp-block-group__inner-container is-layout-flow\">\n<div class=\"wp-block-group\"><div class=\"wp-block-group__inner-container is-layout-flow\">\n<div class=\"wp-block-group\"><div class=\"wp-block-group__inner-container is-layout-flow\">\n<div class=\"wp-block-media-text alignwide has-media-on-the-right is-stacked-on-mobile\" style=\"grid-template-columns:auto 30%\"><figure class=\"wp-block-media-text__media\"><a href=\"https:\/\/www.amazon.com\/Documental-sonoro-Spanish-Gladys-P%C3%A9rez\/dp\/B08LNLG42W\" target=\"_blank\" rel=\"noopener noreferrer\"><img decoding=\"async\" loading=\"lazy\" width=\"345\" height=\"537\" src=\"https:\/\/forosonodoc.org\/wp-content\/uploads\/2020\/11\/Documental-Sonoro-Gladys-Perez.png\" alt=\"\" class=\"wp-image-750\" srcset=\"https:\/\/forosonodoc.org\/wp-content\/uploads\/2020\/11\/Documental-Sonoro-Gladys-Perez.png 345w, https:\/\/forosonodoc.org\/wp-content\/uploads\/2020\/11\/Documental-Sonoro-Gladys-Perez-193x300.png 193w\" sizes=\"(max-width: 345px) 100vw, 345px\" \/><\/a><\/figure><div class=\"wp-block-media-text__content\">\n<p class=\"has-normal-font-size\">En 1992 Gladys escribi\u00f3 el libro &#8220;El Documental Radial&#8221;, con la editora QUIPUS del CIESPAL (Centro Internacional de Estudios Superiores de Comunicaci\u00f3n para Am\u00e9rica Latina), en Quito, Ecuador. <\/p>\n\n\n\n<p class=\"has-normal-font-size\">Ahora retoma el tema para defender al m\u00e1s joven de los g\u00e9neros period\u00edsticos sonoros, el menos realizado, el m\u00e1s debatido y juzgado. &#8220;Documental Sonoro&#8221; trata de la cosecha de una siembra de muchos a\u00f1os, sin especulaciones, comparaciones ni recetas. <\/p>\n\n\n\n<p class=\"has-normal-font-size\">El libro tiene un m\u00f3dulo inicial donde se analizan las generalidades del documental, le siguen varios anexos que particularizan temas relacionados con el nacimiento del documental en Cuba, debate sobre lo viejo y lo nuevo, y el estado de salud del g\u00e9nero en Am\u00e9rica Latina, adem\u00e1s de varios ejemplos (encontrar\u00e1s un c\u00f3digo QR que al escanearlo con el smartphone te permitir\u00e1 acceder a la plataforma online en la que est\u00e1n alojados los programas).<\/p>\n<\/div><\/div>\n\n\n\n<hr class=\"wp-block-separator\"\/>\n<\/div><\/div>\n<\/div><\/div>\n\n\n\n<div class=\"wp-block-group\"><div class=\"wp-block-group__inner-container is-layout-flow\">\n<div class=\"wp-block-media-text alignwide is-stacked-on-mobile\" style=\"grid-template-columns:37% auto\"><figure class=\"wp-block-media-text__media\"><a href=\"https:\/\/www.academia.edu\/28585120\/El_documental_sonoro_Una_mirada_desde_Am%C3%A9rica_Latina?source=swp_share\" target=\"_blank\" rel=\"noopener noreferrer\"><img decoding=\"async\" loading=\"lazy\" width=\"731\" height=\"1024\" src=\"https:\/\/forosonodoc.org\/wp-content\/uploads\/2019\/02\/PORTADA-LIBRO-1-731x1024.jpg\" alt=\"\" class=\"wp-image-195\" srcset=\"https:\/\/forosonodoc.org\/wp-content\/uploads\/2019\/02\/PORTADA-LIBRO-1-731x1024.jpg 731w, https:\/\/forosonodoc.org\/wp-content\/uploads\/2019\/02\/PORTADA-LIBRO-1-214x300.jpg 214w, https:\/\/forosonodoc.org\/wp-content\/uploads\/2019\/02\/PORTADA-LIBRO-1-768x1075.jpg 768w, https:\/\/forosonodoc.org\/wp-content\/uploads\/2019\/02\/PORTADA-LIBRO-1-750x1050.jpg 750w, https:\/\/forosonodoc.org\/wp-content\/uploads\/2019\/02\/PORTADA-LIBRO-1.jpg 1771w\" sizes=\"(max-width: 731px) 100vw, 731px\" \/><\/a><\/figure><div class=\"wp-block-media-text__content\">\n<p>\u00bfPor qu\u00e9 el documental sonoro, un g\u00e9nero radiof\u00f3nico art\u00edstico con tanto potencial social, no se investiga ni se produce en Am\u00e9rica Latina? <\/p>\n\n\n\n<p>Este libro surge de una investigaci\u00f3n a profundidad sobre el documental sonoro y pretende develar una herramienta poco explorada en la regi\u00f3n latinoamericana para comunicar historias de la vida real a trav\u00e9s de sonidos. <\/p>\n\n\n\n<p>Ofrece un acercamiento a las posibilidades creativas del sonido y el ruido; los antecedentes del g\u00e9nero a trav\u00e9s de las vanguardias art\u00edsticas; una descripci\u00f3n de su esencia y los elementos que lo componen; su paso hist\u00f3rico por radios, concursos y plataformas digitales, as\u00ed como su actualidad en diversas partes del mundo.<\/p>\n<\/div><\/div>\n<\/div><\/div>\n<\/div><\/div>\n\n\n\n<hr class=\"wp-block-separator\"\/>\n\n\n\n<h2 class=\"wp-block-heading\">Art\u00edculos especializados<\/h2>\n\n\n\n<div style=\"height:20px\" aria-hidden=\"true\" class=\"wp-block-spacer\"><\/div>\n\n\n\n<p class=\"has-very-light-gray-color has-very-dark-gray-background-color has-text-color has-background\"><a href=\"https:\/\/cpr.org.ar\/de-que-hablamos-cuando-hablamos-de-documental-sonoro\/\">RadioLab ExperimentAL \/ \u00bfDe qu\u00e9 hablamos cuando hablamos de documental sonoro?<\/a><\/p>\n\n\n\n<p class=\"has-very-light-gray-color has-very-dark-gray-background-color has-text-color has-background\"><a href=\"https:\/\/cpr.org.ar\/laure-bedin-la-traduccion-en-el-documental-sonoro\/\">Laure Bedin \/ La traducci\u00f3n en el documental sonoro<\/a><\/p>\n\n\n\n<p class=\"has-very-light-gray-color has-very-dark-gray-background-color has-text-color has-background\"><a href=\"https:\/\/cpr.org.ar\/la-etica-en-el-documental-sonoro\/\">La \u00e9tica en el documental sonoro<\/a><\/p>\n\n\n\n<p class=\"has-very-light-gray-color has-very-dark-gray-background-color has-text-color has-background\"><a href=\"https:\/\/cpr.org.ar\/la-estetica-en-el-documental-sonoro\/\">La est\u00e9tica en el documental sonoro<\/a><\/p>\n\n\n\n<p class=\"has-very-light-gray-color has-very-dark-gray-background-color has-text-color has-background\"><a href=\"https:\/\/cpr.org.ar\/dibujando-definiciones-sobre-el-documental-sonoro\/\">Dibujando definiciones sobre el documental sonoro<\/a><\/p>\n\n\n\n<p class=\"has-very-light-gray-color has-very-dark-gray-background-color has-text-color has-background\"><a href=\"https:\/\/cpr.org.ar\/el-documental-sonoro-el-engano-mas-honesto\/\">El documental sonoro: el enga\u00f1o m\u00e1s honesto<\/a><\/p>\n\n\n\n<p class=\"has-very-light-gray-color has-very-dark-gray-background-color has-text-color has-background\"><a href=\"https:\/\/cpr.org.ar\/el-documental-sonoro-no-contemos-mostremos\/\">No contemos, mostremos: El documental sonoro<\/a><\/p>\n\n\n\n<p class=\"has-very-light-gray-color has-very-dark-gray-background-color has-text-color has-background\"><a href=\"https:\/\/cpr.org.ar\/paisaje-sonoro-flores\/\">El valor documental y period\u00edstico del paisaje sonoro<\/a><\/p>\n","protected":false},"excerpt":{"rendered":"<p>Este libro es resultado del Primer Foro Cubano &#8220;As\u00ed suena la vida&#8221; (Santiago de Cuba, 2019), que cont\u00f3 con la emisora Radio Mamb\u00ed como anfitriona principal. Su plataforma es un programa hom\u00f3nimo transmitido desde esta ...<\/p>\n","protected":false},"author":1,"featured_media":0,"parent":0,"menu_order":0,"comment_status":"open","ping_status":"closed","template":"","meta":[],"_links":{"self":[{"href":"https:\/\/forosonodoc.org\/index.php\/wp-json\/wp\/v2\/pages\/16"}],"collection":[{"href":"https:\/\/forosonodoc.org\/index.php\/wp-json\/wp\/v2\/pages"}],"about":[{"href":"https:\/\/forosonodoc.org\/index.php\/wp-json\/wp\/v2\/types\/page"}],"author":[{"embeddable":true,"href":"https:\/\/forosonodoc.org\/index.php\/wp-json\/wp\/v2\/users\/1"}],"replies":[{"embeddable":true,"href":"https:\/\/forosonodoc.org\/index.php\/wp-json\/wp\/v2\/comments?post=16"}],"version-history":[{"count":27,"href":"https:\/\/forosonodoc.org\/index.php\/wp-json\/wp\/v2\/pages\/16\/revisions"}],"predecessor-version":[{"id":764,"href":"https:\/\/forosonodoc.org\/index.php\/wp-json\/wp\/v2\/pages\/16\/revisions\/764"}],"wp:attachment":[{"href":"https:\/\/forosonodoc.org\/index.php\/wp-json\/wp\/v2\/media?parent=16"}],"curies":[{"name":"wp","href":"https:\/\/api.w.org\/{rel}","templated":true}]}}