{"id":1283,"date":"2024-10-15T04:44:10","date_gmt":"2024-10-15T04:44:10","guid":{"rendered":"https:\/\/forosonodoc.org\/?page_id=1283"},"modified":"2024-10-19T18:58:31","modified_gmt":"2024-10-19T18:58:31","slug":"programa-sonodoc-10-anos","status":"publish","type":"page","link":"https:\/\/forosonodoc.org\/index.php\/programa-sonodoc-10-anos\/","title":{"rendered":"Argentina | M\u00e9xico 2024"},"content":{"rendered":"\n<figure class=\"wp-block-image size-large\"><img decoding=\"async\" loading=\"lazy\" width=\"819\" height=\"1024\" src=\"https:\/\/forosonodoc.org\/wp-content\/uploads\/2024\/10\/SONODOC-10-ANOS-POST--819x1024.png\" alt=\"\" class=\"wp-image-1284\" srcset=\"https:\/\/forosonodoc.org\/wp-content\/uploads\/2024\/10\/SONODOC-10-ANOS-POST--819x1024.png 819w, https:\/\/forosonodoc.org\/wp-content\/uploads\/2024\/10\/SONODOC-10-ANOS-POST--240x300.png 240w, https:\/\/forosonodoc.org\/wp-content\/uploads\/2024\/10\/SONODOC-10-ANOS-POST--768x960.png 768w, https:\/\/forosonodoc.org\/wp-content\/uploads\/2024\/10\/SONODOC-10-ANOS-POST-.png 1080w\" sizes=\"(max-width: 819px) 100vw, 819px\" \/><\/figure>\n\n\n\n<h2 class=\"wp-block-heading\">Edici\u00f3n Buenos Aires, Argentina<\/h2>\n\n\n\n<p>PROGRAMA DE ACTIVIDADES | 6, 7 Y 8 DE NOVIEMBRE DE 2024<\/p>\n\n\n\n<p>Transmisi\u00f3n en vivo v\u00eda YouTube: <a href=\"https:\/\/youtube.com\/@argentoresnacional?si=MxsgxxLMkoDZjGtq\" target=\"_blank\" rel=\"noreferrer noopener\">Argentores Nacional<\/a> y <a rel=\"noreferrer noopener\" href=\"https:\/\/youtube.com\/@sonodocforodedocumentalson5986?si=QEwOdyN0irQfgwLt\" target=\"_blank\">SONODOC<\/a><\/p>\n\n\n\n<div class=\"wp-block-file\"><object class=\"wp-block-file__embed\" data=\"https:\/\/forosonodoc.org\/wp-content\/uploads\/2024\/10\/PROGRAMA-SONODOC-10-ANOS_ARGENTINA.pdf\" type=\"application\/pdf\" style=\"width:100%;height:600px\" aria-label=\"Incrustado de PROGRAMA SONODOC 10 AN\u0303OS_ARGENTINA.\"><\/object><a id=\"wp-block-file--media-50b3033d-26e1-4e72-a465-77a24da88f4d\" href=\"https:\/\/forosonodoc.org\/wp-content\/uploads\/2024\/10\/PROGRAMA-SONODOC-10-ANOS_ARGENTINA.pdf\">PROGRAMA SONODOC 10 AN\u0303OS_ARGENTINA<\/a><a href=\"https:\/\/forosonodoc.org\/wp-content\/uploads\/2024\/10\/PROGRAMA-SONODOC-10-ANOS_ARGENTINA.pdf\" class=\"wp-block-file__button wp-element-button\" download aria-describedby=\"wp-block-file--media-50b3033d-26e1-4e72-a465-77a24da88f4d\">Descarga<\/a><\/div>\n\n\n\n<h2 class=\"wp-block-heading\">Edici\u00f3n M\u00e9xico, Radio UNAM.<\/h2>\n\n\n\n<p>PROGRAMA DE ACTIVIDADES | 23 DE OCTUBRE<\/p>\n\n\n\n<div class=\"wp-block-file\"><object class=\"wp-block-file__embed\" data=\"https:\/\/forosonodoc.org\/wp-content\/uploads\/2024\/10\/Dossier-10-anos-SONODOC_compressed.pdf\" type=\"application\/pdf\" style=\"width:100%;height:600px\" aria-label=\"Incrustado de Dossier-10-anos-SONODOC_compressed.\"><\/object><a id=\"wp-block-file--media-5ccd779a-fcfb-42d3-bcdf-7c2b3cc7d767\" href=\"https:\/\/forosonodoc.org\/wp-content\/uploads\/2024\/10\/Dossier-10-anos-SONODOC_compressed.pdf\">Dossier-10-anos-SONODOC_compressed<\/a><a href=\"https:\/\/forosonodoc.org\/wp-content\/uploads\/2024\/10\/Dossier-10-anos-SONODOC_compressed.pdf\" class=\"wp-block-file__button wp-element-button\" download aria-describedby=\"wp-block-file--media-5ccd779a-fcfb-42d3-bcdf-7c2b3cc7d767\">Descarga<\/a><\/div>\n","protected":false},"excerpt":{"rendered":"<p>Edici\u00f3n Buenos Aires, Argentina PROGRAMA DE ACTIVIDADES | 6, 7 Y 8 DE NOVIEMBRE DE 2024 Transmisi\u00f3n en vivo v\u00eda YouTube: Argentores Nacional y SONODOC Edici\u00f3n M\u00e9xico, Radio UNAM. PROGRAMA DE ACTIVIDADES | 23 DE ...<\/p>\n","protected":false},"author":1,"featured_media":0,"parent":0,"menu_order":0,"comment_status":"closed","ping_status":"closed","template":"","meta":[],"_links":{"self":[{"href":"https:\/\/forosonodoc.org\/index.php\/wp-json\/wp\/v2\/pages\/1283"}],"collection":[{"href":"https:\/\/forosonodoc.org\/index.php\/wp-json\/wp\/v2\/pages"}],"about":[{"href":"https:\/\/forosonodoc.org\/index.php\/wp-json\/wp\/v2\/types\/page"}],"author":[{"embeddable":true,"href":"https:\/\/forosonodoc.org\/index.php\/wp-json\/wp\/v2\/users\/1"}],"replies":[{"embeddable":true,"href":"https:\/\/forosonodoc.org\/index.php\/wp-json\/wp\/v2\/comments?post=1283"}],"version-history":[{"count":6,"href":"https:\/\/forosonodoc.org\/index.php\/wp-json\/wp\/v2\/pages\/1283\/revisions"}],"predecessor-version":[{"id":1359,"href":"https:\/\/forosonodoc.org\/index.php\/wp-json\/wp\/v2\/pages\/1283\/revisions\/1359"}],"wp:attachment":[{"href":"https:\/\/forosonodoc.org\/index.php\/wp-json\/wp\/v2\/media?parent=1283"}],"curies":[{"name":"wp","href":"https:\/\/api.w.org\/{rel}","templated":true}]}}